{"id":1155,"date":"2023-05-17T03:02:48","date_gmt":"2023-05-17T03:02:48","guid":{"rendered":"https:\/\/voztermx.com\/?post_type=product&#038;p=1155"},"modified":"2023-06-02T06:33:52","modified_gmt":"2023-06-02T06:33:52","slug":"coleccion-suculentas-1-5-playera-estampada-para-mujer","status":"publish","type":"product","link":"https:\/\/voztermx.com\/index.php\/product\/coleccion-suculentas-1-5-playera-estampada-para-mujer\/","title":{"rendered":"Colecci\u00f3n Suculentas 1\/5. Playera estampada para mujer"},"content":{"rendered":"<h3>\u00a1Lleva la frescura y la belleza de la naturaleza contigo con nuestra encantadora playera estampada de la colecci\u00f3n &#8216;Plantas Suculentas&#8217; para mujeres!<\/h3>\n<p>Esta prenda te brinda estilo y comodidad, junto con un toque de exuberancia natural.<\/p>\n<p>La playera est\u00e1 confeccionada con una atenci\u00f3n meticulosa a los detalles utilizando una tela de alta calidad que garantiza una sensaci\u00f3n suave y c\u00f3moda en cada uso. Su ajuste favorecedor y suave al tacto te brindar\u00e1n la confianza para destacar en cualquier ocasi\u00f3n.<\/p>\n<p><strong>El estampado de la colecci\u00f3n &#8216;Plantas Suculentas&#8217; es una verdadera obra de arte. Con dise\u00f1os inspirados en suculentas ex\u00f3ticas y vibrantes, cada playera es una expresi\u00f3n de la belleza y la serenidad de la naturaleza. La impresi\u00f3n de calidad hace que los colores sean v\u00edvidos y duraderos, lo que garantiza que tu playera mantenga su encanto durante mucho tiempo.<\/strong><\/p>\n<h3><a href=\"https:\/\/www.handfie.com\/suculentas-tipos-cuidados\/030112\/\">Aprende m\u00e1s sobre estas encantadoras plantas aqu\u00ed<\/a><\/h3>\n<p>Ya sea que quieras lucir un look casual y fresco en tu d\u00eda a d\u00eda o a\u00f1adir un toque de estilo \u00fanico a tus conjuntos, nuestra playera estampada de la colecci\u00f3n &#8216;Plantas Suculentas&#8217; es una elecci\u00f3n perfecta. Comb\u00ednala con tus jeans favoritos, una falda o unos pantalones cortos, y estar\u00e1s lista para destacar con un estilo fresco y a la moda.<\/p>\n<p><em>Adem\u00e1s de su estilo y calidad, al usar esta playera, transmitir\u00e1s tu amor por la naturaleza y la fascinante belleza de las plantas suculentas. \u00a1Un verdadero deleite para los amantes de la flora!<\/em><\/p>\n<p>Sum\u00e9rgete en la frescura y la elegancia natural con nuestra playera estampada de la colecci\u00f3n &#8216;Plantas Suculentas&#8217;. Atr\u00e9vete a destacar y deja que tu amor por la naturaleza florezca con estilo. \u00a1Consigue la tuya hoy mismo y d\u00e9jate llevar por la belleza de las suculentas!&#8221;<\/p>\n<h3><a href=\"https:\/\/voztermx.com\/index.php\/product-category\/colecciones\/plantas-suculentas\/\">Mira nuestra colecci\u00f3n completa aqu\u00ed<\/a><\/h3>\n","protected":false},"excerpt":{"rendered":"<p>\u00a1Lleva la frescura y la belleza de la naturaleza contigo con nuestra encantadora playera estampada de la colecci\u00f3n &#8216;Plantas Suculentas&#8217; para mujeres!<\/p>\n","protected":false},"featured_media":1156,"comment_status":"open","ping_status":"closed","template":"","meta":{"_monsterinsights_skip_tracking":false,"_monsterinsights_sitenote_active":false,"_monsterinsights_sitenote_note":"","_monsterinsights_sitenote_category":0},"product_cat":[17,72,69,18],"product_tag":[75,74,73,77,76],"aioseo_notices":[],"jetpack-related-posts":[],"_links":{"self":[{"href":"https:\/\/voztermx.com\/index.php\/wp-json\/wp\/v2\/product\/1155"}],"collection":[{"href":"https:\/\/voztermx.com\/index.php\/wp-json\/wp\/v2\/product"}],"about":[{"href":"https:\/\/voztermx.com\/index.php\/wp-json\/wp\/v2\/types\/product"}],"replies":[{"embeddable":true,"href":"https:\/\/voztermx.com\/index.php\/wp-json\/wp\/v2\/comments?post=1155"}],"wp:featuredmedia":[{"embeddable":true,"href":"https:\/\/voztermx.com\/index.php\/wp-json\/wp\/v2\/media\/1156"}],"wp:attachment":[{"href":"https:\/\/voztermx.com\/index.php\/wp-json\/wp\/v2\/media?parent=1155"}],"wp:term":[{"taxonomy":"product_cat","embeddable":true,"href":"https:\/\/voztermx.com\/index.php\/wp-json\/wp\/v2\/product_cat?post=1155"},{"taxonomy":"product_tag","embeddable":true,"href":"https:\/\/voztermx.com\/index.php\/wp-json\/wp\/v2\/product_tag?post=1155"}],"curies":[{"name":"wp","href":"https:\/\/api.w.org\/{rel}","templated":true}]}}